{"id":1102,"date":"2012-04-11T09:10:21","date_gmt":"2012-04-11T07:10:21","guid":{"rendered":"http:\/\/klub.nautica.poznan.pl\/?page_id=1102"},"modified":"2021-05-31T22:23:38","modified_gmt":"2021-05-31T20:23:38","slug":"wzory-pism","status":"publish","type":"page","link":"https:\/\/klub.nautica.poznan.pl\/?page_id=1102","title":{"rendered":"Wzory Pism"},"content":{"rendered":"<div class=\"page-restrict-output\"><p>W za\u0142\u0105cznikach s\u0105 do pobrania wzory pism, kt\u00f3re u\u0142atwi\u0105 Wam wype\u0142nianie obowi\u0105zk\u00f3w zgodnie ze Statutem<\/p>\n<ul>\n<li><a title=\"Deklaracja Cz\u0142onka Klubu Nurkowego Nautica Pozna\u0144\" href=\"wp-content\/sprawozdania\/deklaracja-klubowa-2018.pdf\">deklaracja cz\u0142onkowska<\/a> (gdy ubiegasz si\u0119 o przyj\u0119cie do klubu)<\/li>\n<li><a title=\"Wz\u00f3r pe\u0142nomocnictwa\" href=\"wp-content\/sprawozdania\/wzor_pelnomocnictwa.pdf\">pe\u0142nomocnictwo do udzia\u0142u<\/a> w Walnym Zgromadzeniu (gdy nie mo\u017cesz osobi\u015bcie przyj\u015b\u0107 na Walne Zgromadzenie a chcesz aby kto\u015b kto b\u0119dzie g\u0142osowa\u0142 za Ciebie)<\/li>\n<li><a title=\"wz\u00f3r wniosku o urlopowanie\" href=\"wp-content\/sprawozdania\/wzor_urlopowania.pdf\">wz\u00f3r wniosku o urlopowanie<\/a> (gdy wyje\u017cd\u017casz na d\u0142u\u017cej np. za granic\u0119 i nie b\u0119dziesz mog\u0142a\/m\u00f3g\u0142 dzia\u0142a\u0107 w klubie)<\/li>\n<\/ul>\n\n\n<p><\/p>\n<fb:like href='https:\/\/klub.nautica.poznan.pl\/?page_id=1102' send='true' layout='standard' show_faces='true' width='450' height='65' action='like' colorscheme='light' font='lucida grande'><\/fb:like><\/div>","protected":false},"excerpt":{"rendered":"<div class=\"page-restrict-output\"><p>W za\u0142\u0105cznikach s\u0105 do pobrania wzory pism, kt\u00f3re u\u0142atwi\u0105 Wam wype\u0142nianie obowi\u0105zk\u00f3w zgodnie ze Statutem<\/p>\n<p>deklaracja cz\u0142onkowska (gdy ubiegasz si\u0119 o przyj\u0119cie do klubu)<br \/>\npe\u0142nomocnictwo do udzia\u0142u w Walnym Zgromadzeniu (gdy nie mo\u017cesz osobi\u015bcie przyj\u015b\u0107 na Walne Zgromadzenie a chcesz aby kto\u015b kto b\u0119dzie g\u0142osowa\u0142 za Ciebie)<br \/>\nwz\u00f3r wniosku o urlopowanie (gdy wyje\u017cd\u017casz na d\u0142u\u017cej np. za granic\u0119 [&#8230;]<\/p>\n<\/div>","protected":false},"author":1,"featured_media":0,"parent":5,"menu_order":6,"comment_status":"open","ping_status":"open","template":"","meta":{"ngg_post_thumbnail":0},"_links":{"self":[{"href":"https:\/\/klub.nautica.poznan.pl\/index.php?rest_route=\/wp\/v2\/pages\/1102"}],"collection":[{"href":"https:\/\/klub.nautica.poznan.pl\/index.php?rest_route=\/wp\/v2\/pages"}],"about":[{"href":"https:\/\/klub.nautica.poznan.pl\/index.php?rest_route=\/wp\/v2\/types\/page"}],"author":[{"embeddable":true,"href":"https:\/\/klub.nautica.poznan.pl\/index.php?rest_route=\/wp\/v2\/users\/1"}],"replies":[{"embeddable":true,"href":"https:\/\/klub.nautica.poznan.pl\/index.php?rest_route=%2Fwp%2Fv2%2Fcomments&post=1102"}],"version-history":[{"count":6,"href":"https:\/\/klub.nautica.poznan.pl\/index.php?rest_route=\/wp\/v2\/pages\/1102\/revisions"}],"predecessor-version":[{"id":4274,"href":"https:\/\/klub.nautica.poznan.pl\/index.php?rest_route=\/wp\/v2\/pages\/1102\/revisions\/4274"}],"up":[{"embeddable":true,"href":"https:\/\/klub.nautica.poznan.pl\/index.php?rest_route=\/wp\/v2\/pages\/5"}],"wp:attachment":[{"href":"https:\/\/klub.nautica.poznan.pl\/index.php?rest_route=%2Fwp%2Fv2%2Fmedia&parent=1102"}],"curies":[{"name":"wp","href":"https:\/\/api.w.org\/{rel}","templated":true}]}}